18 and w?
18
Let z = 73 + -28. Suppose z = 5*v + 25. Let b(n) = -3*n + 15. Let s be b(v). What is the greatest common divisor of 4 and s?
1
Suppose 0 = -6*t + 3292 + 290. Calculate the highest common factor of t and 3.
3
Suppose 3*t = -10 + 4. Let s be -8 - -25 - t/((-1)/(-1)). Suppose z = 149 + s. Calculate the greatest common divisor of z and 21.
21
Suppose -3*o + 21 = -3*c + 3, -15 = -3*o + 2*c. Suppose 4*q - 252 = -o*q. Suppose -x + 3 = -z - 2*z, 6 = x - 2*z. What is the highest common factor of x and q?
12
Suppose -153*d + 77227 = 15568. What is the highest common divisor of d and 416?
13
Let d(i) = 3*i**2 - 7*i - 1. Let h be d(5). Suppose -93610*v + 93623*v = 338. Calculate the highest common divisor of v and h.
13
Let s(t) = 2*t + 33. Let r be s(14). Let h be (-207)/(-6)*(-8)/6. Let p = h + r. What is the greatest common divisor of p and 30?
15
Suppose -118*z + 43987 = -27993. Calculate the highest common factor of z and 70.
10
Let k(w) = 10*w**2 - 10*w + 16. Let u be k(2). Suppose -4*g + 3*g = -9. Let x = 33 - g. Calculate the highest common divisor of u and x.
12
Let l = -1076 + 1090. Let v(q) be the third derivative of 21*q**5/10 + q**4/24 - q**3/6 + 7*q**2. Let z be v(1). What is the greatest common divisor of z and l?
14
Let l(o) = -48*o - 339. Let n be l(-6). Let r be (76/5)/((-4)/(-30)). Let y = r + n. What is the highest common divisor of y and 42?
21
Let n be (144/(-18))/((-2)/(-216)). Let u be (-2)/(-11) - n/88. Calculate the greatest common factor of u and 190.
10
Let g = -3 - -8. Suppose -35 = -j + g*k, -3*j - 2*j = -4*k - 91. Let r = -24304 + 24307. Calculate the greatest common divisor of j and r.
3
Suppose 12*f + 10120 - 11464 = 0. Calculate the highest common divisor of f and 1260.
28
Let x be 12128/(-758) + 61004/2. Calculate the highest common factor of 6 and x.
6
Suppose -q + 46 = -15. Suppose 0 = -4*c + r + q, -c + 2*r + 23 = 6. Calculate the greatest common factor of c and 120.
15
Let w(s) = 13*s - 26. Let t be (-1755)/(-243) + 2/(-9). Let y be w(t). Calculate the greatest common divisor of 78 and y.
13
Suppose 2*t - 2*z - 3416 = 0, -3*z + 4130 - 10960 = -4*t. Calculate the greatest common factor of 10 and t.
2
Let d be 245/70 - (3 + 3518/(-4)). Calculate the highest common divisor of 6512 and d.
176
Let w be (-273)/(-5)*(-77)/((-2849)/370). Calculate the highest common factor of w and 1222.
26
Let g = 14777 - 8050. What is the highest common divisor of g and 7?
7
Let h(q) = 11*q + 629. Let p be h(-56). Calculate the greatest common factor of p and 14599.
13
Suppose -5*k + 5*j + 120 = 0, k - 4*j - 36 = -0*j. Suppose -k = 4*y, -2*b - 3*b + 5*y + 80 = 0. Calculate the greatest common factor of 11 and b.
11
Suppose 130 = 5*s - 4*n, -5*s + 70 = -n - 60. Calculate the greatest common factor of s and 4771.
13
Let m be -7*(-2 - (-3)/(-3)). Let p be (-24)/(-6)*(0 + 7/(-4)). Let l(u) = -u**3 - 7*u**2 - 3*u. Let a be l(p). What is the greatest common factor of a and m?
21
Let f be ((-698)/2)/((-1)/(-1)). Let y = f - -359. Calculate the highest common factor of y and 8.
2
Suppose -3*o + 197*g = 194*g - 297, -3*g + 431 = 5*o. Calculate the greatest common factor of 52 and o.
13
Let s(q) = 80*q - 1. Let c(n) = -79*n + 2. Let l(d) = -3*c(d) - 4*s(d). Let m be l(-1). Calculate the greatest common factor of m and 36.
9
Let z = 619 - 618. Let n be (-14 - -16) + z*(-3 - -86). Calculate the highest common divisor of n and 5.
5
Let d(g) = -592*g - 2442. Let y be d(-12). What is the greatest common factor of y and 18?
18
Suppose -4*n - 5*t = -659, -4*n + 701 - 37 = 4*t. Calculate the greatest common factor of n and 9.
9
Let q(t) = 3*t**3 - 19*t**2 + 15*t - 16. Let n be q(7). Let l = n + -97. Calculate the highest common divisor of l and 10.
10
Suppose 2*a - 3*a - 4*q + 34 = 0, 4*a = -2*q + 192. Let g = 241 + -16. What is the highest common divisor of g and a?
25
Suppose -67*x - 1745 = -170*x + 7319. Suppose -6*i + i + 120 = 0. Calculate the highest common factor of x and i.
8
Suppose 2*h + q = -104 + 190, 4*h = -4*q + 176. Suppose -v + 6*v - 180 = 0. Let o = v + 132. What is the greatest common factor of o and h?
42
Suppose -13*m + 996 + 83 = 0. Let y = 85 - m. What is the highest common divisor of y and 2?
2
Let z = 1216 + -1205. What is the highest common divisor of z and 81?
1
Let g be 3*104 + ((-36)/9 - -2). Let n = g - 76. Calculate the greatest common factor of 52 and n.
26
Let o = 5 + 0. Let r = -80 + 85. Suppose 0 = r*g - 15, o*v = -0*v - g + 483. Calculate the greatest common divisor of 32 and v.
32
Suppose b = 4, b = -3*g + g + 52. Suppose 5*u = 4*v - 422, 5*v = -5*u - 76 + 626. What is the greatest common divisor of g and v?
12
Suppose 0 = -6005*l + 5896*l + 42183. Let j(i) = -43*i. Let b be j(-2). Calculate the greatest common divisor of b and l.
43
Let t(w) = 20*w + 81. Let b be t(-4). Let x be b*(-1 + 0)*(4 - 5). What is the greatest common divisor of x and 9?
1
Let j be 1719/6 - 9/18. Suppose -20*o + j = -34. What is the highest common divisor of o and 432?
16
Let g(p) = -14*p - 52. Let o be g(-4). Suppose o*t - 1976 = -700. Suppose 2*k = -2*k + 116. What is the highest common divisor of t and k?
29
Suppose -21*h - 86 + 2879 = 0. Let n = 277 - h. What is the highest common factor of 27 and n?
9
Suppose 0 = -2*k + 382 + 160. Let j = 292 - k. Calculate the greatest common divisor of 21 and j.
21
Suppose -3*b - 60 - 5688 = 0. Let x be 2/(-24)*-2 + b/(-24). What is the highest common divisor of x and 100?
20
Let l = -27637 - -27722. What is the greatest common divisor of l and 3944?
17
Suppose -4*h = 4*s - 304, s + 3*s - 304 = 5*h. Let d = s + -71. Let k be 1 - (-86*(-3 + d) - -3). Calculate the greatest common factor of 68 and k.
34
Let o = -7324 - -7420. Calculate the greatest common divisor of o and 304.
16
Suppose 1291*b + d - 168 = 1286*b, -3*b + 87 = -4*d. Calculate the greatest common factor of 1749 and b.
33
Let u = -78 + 80. Suppose -u*j + 236 - 76 = 0. Suppose -2*d - j = -3*d. Calculate the greatest common factor of 200 and d.
40
Suppose -2*h - 1038 = -4*g, -252 = -g - 9*h + 7*h. Let w = g - 82. What is the greatest common factor of 66 and w?
22
Let i = -1032 + 1617. What is the highest common factor of i and 252?
9
Let y(p) = -p**3 - 3*p**2 + 3*p + 288. Let f(j) = j**3 + 42*j**2 + 82*j + 80. Let b be f(-40). Let o be y(b). What is the greatest common factor of 24 and o?
24
Let f(d) = -d**2 + 16*d + 38. Suppose 13 = -2*p + 3*p. Let w be f(p). Let m be (-2 + 3)/((-2)/(-22)). Calculate the greatest common factor of m and w.
11
Let s = -33 + 61. Suppose -s*c + 8 = -24*c. Suppose u + 105 = c*i - 4*u, 140 = 3*i - 4*u. Calculate the highest common factor of i and 20.
20
Suppose -19*b = -27*b + 169*b - 463841. What is the highest common divisor of b and 172?
43
Let b(y) = -4*y - 59. Let c be b(-13). Let k = c + 18. Let g = -53 + 130. What is the highest common divisor of k and g?
11
Suppose 66*d + 9 = 57*d. Let v be (-2)/6 - d - (-3936)/36. Calculate the greatest common divisor of 40 and v.
10
Suppose -g - 7*r + 290 = -12*r, 4*g = 2*r + 1214. Calculate the highest common factor of g and 42395.
305
Suppose 3*b = -5*k + 226, -b + 36 = -5*k + 274. Suppose k*c - 264 = 159. Suppose 2*h + 0*h = 2. What is the highest common factor of c and h?
1
Let u = 205 - -21. Let b = -202 + u. Suppose 0 = -q - 4*c + 36, 0*c + 2*c = 3*q - 38. What is the highest common divisor of q and b?
8
Let b(p) = -809*p - 1273. Let m be b(-5). Calculate the greatest common factor of 220 and m.
44
Let d(k) = k - 8 - 6*k + 13*k. Let i be d(7). Let v be i/(-3)*(-3)/3. What is the highest common divisor of 4 and v?
4
Suppose 341*z = 324*z + 9503. Calculate the greatest common factor of z and 1032.
43
Suppose -4*n - 252 = -4*s, 4*s - 2*n - 272 = -26. Suppose s = 18*p - 3*p. Let l be ((-30)/p)/(3*7/(-224)). Calculate the highest common factor of 48 and l.
16
Suppose -j + 2*q + 4087 = 0, -18*j = -17*j + 4*q - 4039. Calculate the greatest common divisor of 207 and j.
69
Suppose -126 = -34*w + 12183 + 26179. What is the highest common divisor of 4 and w?
4
Suppose 0 = 3*m + 5*s + 98, -2*m + 4*s - 3*s = 61. Let x = 73 + m. Calculate the highest common factor of x and 98.
14
Suppose -73 = -5*v + 32. Suppose 4*w + k + 1061 = 0, 553 = -2*w - 0*k - 5*k. Let x = 4